w) = -w + 13. Let l(u) = 3*u - 39. Let a(j) = 2*l(j) + 7*t(j). Let k be a(13). Suppose 2*o + 2*o - 2*r - 466 = k, -463 = -4*o + 3*r. Is o a prime number?
False
Let t = -2 - -3. Let l be ((-6)/4 + t)*-14. Let n(q) = 7*q - 6. Is n(l) a prime number?
True
Is (-8)/(-3)*(-24)/(-16) a composite number?
True
Suppose 0 = -2*o + 6 + 4. Suppose 3*y - 4*k - 163 = 0, o*k = -0*y - 5*y + 260. Is y prime?
True
Let m be 5*(-3 - (-529)/5). Suppose -3*d + d = -m. Is d prime?
True
Let u(m) = 7*m**2 + 6*m + 24. Is u(7) prime?
True
Suppose -7*k + 10021 = 4*k. Is k a composite number?
False
Let z(t) = -3 - 6*t - 13*t + 0 - 1. Is z(-3) composite?
False
Let i(w) = -2*w. Let u be i(-1). Suppose s - 30 = -m + u*s, 5*s = -4*m + 84. Let q = m + -3. Is q a composite number?
False
Let l(u) = -5*u. Let x be l(-3). Suppose 2*w - x - 35 = 0. Suppose w + 59 = 4*g. Is g a prime number?
False
Let o = 93 + -27. Suppose q + q = o. Is q composite?
True
Suppose 0*z - 582 = -4*z + g, 5*z - 723 = -g. Is z a prime number?
False
Let o(h) = 3*h**2 + 2*h. Let c be o(2). Let r = 9 + -8. Let j = c - r. Is j composite?
True
Let s(t) = -t**2 - t. Let a(p) be the second derivative of -5*p**4/12 + p**3/6 + p**2/2 + p. Let l(o) = -a(o) + s(o). Is l(5) composite?
False
Let j(c) = 18*c**2 + 6*c + 3. Let l be j(-3). Suppose 0 = 5*q + 3*v - 791, 0 = q - 9*v + 4*v - l. Is q composite?
False
Let r be (-84)/(-20) - (-1)/(-5). Suppose r*w + v = -0*w + 105, 4*w - v = 95. Is w a composite number?
True
Let h(r) = -154*r + 11. Is h(-9) prime?
False
Suppose 5*h + 93 = 3*f - 550, -5*f = 2*h - 1051. Is f a composite number?
False
Suppose 4*w + q + 3*q = -960, -5*w + 2*q = 1207. Let j = -172 - w. Is j composite?
True
Suppose 2*z - 6 + 2 = 0. Let d(f) = f - f - 3 + 6 + z*f. Is d(5) composite?
False
Let o = 24 + -20. Is o a prime number?
False
Let c = 17 - 10. Suppose -c*p + 2*m + 306 = -3*p, -301 = -4*p - 3*m. Suppose 2*u = 5*r + 38, 0 = -2*u + 6*u + 4*r - p. Is u prime?
True
Let s = 306 + -95. Is s prime?
True
Suppose -y = y - 4. Suppose 2*k + 4*n = 46, 0*k + y*n = k - 43. Is k composite?
True
Suppose -12 = -0*k - 4*k - 5*a, -a = k - 3. Suppose 3*c - k*z = -0*c + 546, -z + 534 = 3*c. Is c a prime number?
True
Let d = -6 + 12. Let a be ((-8)/d)/4*-3. Is (-7 - (0 - a))/(-1) a prime number?
False
Suppose h + 0 = 2. Suppose h*s = -3 + 5. Is (-4)/(s/17*-2) a composite number?
True
Let s(t) = -t**3 - 3*t**2 + 3*t - 2. Let y be s(-4). Let r be 64/y + 5 + -6. Suppose -112 = -3*z - 3*h - r, -2*z + 42 = 5*h. Is z a composite number?
False
Is -4 - -2 - (2 + 3 - 1218) a composite number?
True
Is -11 + 9 + (-2821)/(-1) a composite number?
False
Suppose -4 = 4*x - 0. Let v(c) = c**2 + c. Let i be v(x). Suppose 3*a = -3*n + 253 + 188, 2*a - 4 = i. Is n a composite number?
True
Suppose -x - 3 = 0, 5*u - x + 0 = 13. Suppose -u*y = -3*y + 35. Is y prime?
False
Let s(x) = x + 21. Suppose 25 = -4*g + 5*d, -4*d + 17 + 3 = -2*g. Is s(g) prime?
False
Let m(i) = -12*i**3 - 2*i**2 + 1. Let x be m(-1). Suppose -x = 5*o + 34. Let g(q) = -12*q - 11. Is g(o) prime?
True
Let o = 18 + -18. Suppose o*j - 5*t = -2*j + 432, -3*t = 6. Is j prime?
True
Is -12*48/(-9) + 3 a composite number?
False
Suppose -788 = -4*v - 2*f, -2*f - 3*f = 20. Is v prime?
True
Suppose -5*o - 6833 = z, 3*z = -4 - 5. Let g = o - -1961. Is g/15 + (-4)/6 a composite number?
True
Is 256 + -2 + 2 + -5 prime?
True
Let d = -603 - -93. Let k = 763 + d. Is k prime?
False
Let a(v) = v**2 + 7*v - 4. Let p be a(-8). Suppose 48 = p*g - 2*g. Is 1 + 0 + 1 + g a composite number?
True
Suppose -476 = 15*t - 17*t. Suppose b = 3*b - 318. Suppose -2*x = 2*k - t, -b + 754 = 5*k - 4*x. Is k a composite number?
True
Is (24/(-9) + 2)/((-6)/7281) a prime number?
True
Suppose -1 - 11 = -2*p. Suppose -5*o = -p*o + 19. Is o a prime number?
True
Suppose 0 = o + 4 - 2, -o + 2 = z. Suppose 4*j - 32 = -m + 19, 3*m = -z*j + 145. Is m a composite number?
False
Let x(u) = -7*u + 3. Let f(b) = 4*b - 1. Let z(v) = -5*f(v) - 3*x(v). Suppose 5*g + 38 = 4*p, 0*p - 17 = -3*p - 2*g. Is z(p) a composite number?
False
Let s = 4 - 1. Suppose -f = -s*f + 186. Let z = f - 59. Is z a composite number?
True
Let f = -4 - -3. Let x = f + 3. Suppose x*d + 0*d - 94 = 0. Is d a composite number?
False
Let n = -101 - -214. Is n composite?
False
Let g be 18/(-12)*16/(-6). Suppose 2*i - 380 = -0*i - 5*q, -732 = -g*i + 4*q. Is i a prime number?
False
Let u(a) = 3*a - 2. Let m be u(2). Let l(w) = w**3 - 2*w**2 + 5*w - 3. Is l(m) prime?
False
Let x = -55 - -94. Is x composite?
True
Let h(r) = 5*r**2 - r + 1. Let m = 2 + 1. Let g = m - 6. Is h(g) a prime number?
False
Let v(i) = -10 - i - 12*i**2 + 13*i**2 + i**3 + 9*i**2. Let u be v(-10). Suppose u*d + 3*d - 879 = 0. Is d composite?
False
Suppose 7*d = 1541 + 4836. Is d composite?
False
Let u(v) = 2*v - 1. Let s be u(2). Let j be (s + -2)*(-1 - -12). Let x = -1 + j. Is x prime?
False
Suppose 5*b + 5*n = 25, -2*b = n - 3*n - 2. Suppose -5*k = -5*t + 705, -b*k + 25 - 158 = -t. Is t a composite number?
True
Is (20/(-25))/((-4)/2770) a composite number?
True
Suppose -4235 = 2*o + 3*o. Let q = o - -1292. Is q composite?
True
Suppose -5*o + 125 = -870. Is o a composite number?
False
Let x(b) = -b**2 + 2*b - 308. Let p be x(0). Let i = p + 603. Is i prime?
False
Suppose 750 = g - 517. Is g a composite number?
True
Let k(q) = q**3 + 16*q**2 + 18*q + 1. Is k(-14) composite?
True
Let q = 148 - 81. Suppose 3*u - 26 = q. Is u prime?
True
Let b(a) be the first derivative of -39*a**4/2 - a**2/2 - 3. Let y be b(-1). Is -1*6/3 + y prime?
False
Let q(l) = -6*l - 5. Is q(-4) a composite number?
False
Suppose 5*s + 34 = 5*i + 9, -3*i = 4*s + 13. Let h = s - -4. Let a(k) = -k**3 - k**2 + 143. Is a(h) a composite number?
True
Let n be ((-18)/(-4))/(2/(-56)). Let o = 84 + n. Let l = 61 + o. Is l prime?
True
Let i(o) = o**3 - 3*o**2 - 7*o. Let h be i(5). Let j be (4/(-10))/((-1)/h). Suppose 3*g + 147 = j*g. Is g a prime number?
False
Let p(o) = 3*o**2 + 3*o - 1. Let i = -6 - -10. Suppose 3*s = -16 + i. Is p(s) a composite number?
True
Suppose 0 = -x + 269 - 60. Let c(v) = 83*v**2 - 3*v + 2. Let g be c(2). Suppose a - x = r, -3*a - 2*r + 309 + g = 0. Is a prime?
True
Suppose -3*q - 31 + 1 = 0. Let t = 21 + q. Is t composite?
False
Is (2 - (-1673)/42)/(1/6) composite?
False
Let i = 73 + -18. Let h = 15 - i. Let l = h - -59. Is l a prime number?
True
Let s = -2793 - -8050. Is s prime?
False
Suppose 5*s = 14 - 4. Suppose -i - h = -s*i + 158, -4*h + 12 = 0. Is i prime?
False
Suppose 4*v = -782 + 2786. Is v a prime number?
False
Let x = 377 - -1586. Is x a composite number?
True
Let y be 60*(78/(-15) - 2). Let u = -165 - y. Is u prime?
False
Suppose g + 1 = -4*m + 27, -30 = -g - 2*m. Is g composite?
True
Suppose 2322 = 10*k - 9188. Is k prime?
True
Suppose 0 = -4*z - 441 - 1203. Let u = -284 - z. Is u composite?
False
Suppose 0*x + 3*b = -2*x + 97, 3*b = -15. Let c = 135 - x. Is c a prime number?
True
Let k be 71 + -2 - 0 - -3. Suppose 3*w - w + 2*n = k, -2*n - 118 = -3*w. Is w prime?
False
Is (3 - 4/1) + 38 a composite number?
False
Suppose 0 = 3*s - 140 + 5. Suppose 4*g + 28 = -2*f, g = -f - 3*g - 18. Let t = f + s. Is t prime?
False
Let h be (1 - -2)*1 + 3. Is (-1)/3 + 1340/h composite?
False
Let l be 202 - (-2 + 3 - 3). Suppose 3*o - l = 183. Suppose o = 3*v - 102. Is v prime?
False
Let p = 14 - 24. Is p/(-6) + (-4)/(-12) a composite number?
False
Let v(w) = -w**3 - 5*w**2 - 19*w - 13. Is v(-8) composite?
False
Suppose 2*v = 28 + 298. Is v prime?
True
Let v be (-47)/(-9) + (-8)/36. Suppose 8 = -v*j + 23. Let x(p) = 10*p**2 - 2*p - 2. Is x(j) a prime number?
False
Let a(w) = -w**3 + 2*w**2 + 3*w + 1. Let i be a(-4). Let o be i/10*(-1 + 33). Suppose o = 4*c - 356. Is c a prime number?
True
Let h(l) be the first derivative of 37*l**4/4 + l**3 - l**2 + 3*l - 1. Is h(2) a prime number?
True
Let k = -26 + 22. Let g(q) = 2 + 4*q - 20*q - 4. Is g(k) composite?
True
Let j = -10 - -14. Suppose -97 = -3*i - j. Is i a composite number?
False
Let v(g) = 350*g - 11. Is v(4) composite?
True
Let f(p) = 1 - 2*p + 6*p**2 - 2 - 5*p**2. Is f(-3) composite?
True
Let h = -2 - -3. Let a(n) = -2 + 2 - 3 + 2 + 39*n. Is a(h) a composite number?
True
Let m(h) = 47*h**3 - 3*h**2 + 11*h - 5. Is m(4) composite?
False
Let n = 